 3, 13729
List the prime factors of 306951.
3, 102317
What are the prime factors of 666165?
3, 5, 89, 499
What are the prime factors of 3669770?
2, 5, 13, 28229
What are the prime factors of 23452012?
2, 331, 17713
List the prime factors of 2082921.
3, 31, 22397
What are the prime factors of 4138158?
2, 3, 689693
What are the prime factors of 1870059?
3, 623353
List the prime factors of 236420.
2, 5, 11821
List the prime factors of 135921.
3, 45307
What are the prime factors of 380556?
2, 3, 11, 31
List the prime factors of 718501.
7, 102643
What are the prime factors of 464253?
3, 17, 9103
What are the prime factors of 17687784?
2, 3, 19, 79, 491
What are the prime factors of 8925969?
3, 13, 17, 13463
What are the prime factors of 11209100?
2, 5, 7, 67, 239
What are the prime factors of 1362779?
11, 229, 541
What are the prime factors of 3145207?
13, 241939
List the prime factors of 17093920.
2, 5, 19, 5623
List the prime factors of 757947.
3, 317, 797
List the prime factors of 447200.
2, 5, 13, 43
What are the prime factors of 6697360?
2, 5, 83717
List the prime factors of 13300413.
3, 7, 173, 523
List the prime factors of 2406195.
3, 5, 11, 4861
What are the prime factors of 12993783?
3, 11, 43, 9157
What are the prime factors of 1496643?
3, 498881
List the prime factors of 148734.
2, 3, 8263
List the prime factors of 23118.
2, 3, 3853
List the prime factors of 74687.
74687
List the prime factors of 4941433.
7, 705919
List the prime factors of 612114.
2, 3, 102019
What are the prime factors of 2485021?
7, 11, 59, 547
What are the prime factors of 2328683?
7, 79, 4211
List the prime factors of 7825.
5, 313
What are the prime factors of 45856?
2, 1433
What are the prime factors of 1059130?
2, 5, 105913
List the prime factors of 17851485.
3, 5, 727, 1637
List the prime factors of 119089.
119089
What are the prime factors of 9844112?
2, 31, 89, 223
List the prime factors of 198399.
3, 41, 1613
List the prime factors of 168504.
2, 3, 7, 17, 59
What are the prime factors of 2473193?
2473193
What are the prime factors of 395154?
2, 3, 29, 757
What are the prime factors of 249185?
5, 19, 43, 61
List the prime factors of 30079282.
2, 15039641
List the prime factors of 10473382.
2, 5236691
List the prime factors of 8359886.
2, 17, 19, 12941
List the prime factors of 726031.
269, 2699
List the prime factors of 88522.
2, 7, 6323
What are the prime factors of 27404118?
2, 3, 7, 19, 11447
What are the prime factors of 2441392?
2, 53, 2879
List the prime factors of 9458562.
2, 3, 17, 47, 1973
List the prime factors of 94368.
2, 3, 983
List the prime factors of 5192.
2, 11, 59
What are the prime factors of 2714867?
2714867
What are the prime factors of 73455?
3, 5, 59, 83
What are the prime factors of 498023?
349, 1427
What are the prime factors of 4062435?
3, 5, 13, 83, 251
List the prime factors of 295137.
3, 17, 643
List the prime factors of 514789.
11, 53, 883
List the prime factors of 4259353.
7, 163, 3733
What are the prime factors of 587052?
2, 3, 23, 709
What are the prime factors of 421207?
421207
What are the prime factors of 90555?
3, 5, 6037
List the prime factors of 188021.
188021
What are the prime factors of 210739?
210739
List the prime factors of 473843.
73, 6491
What are the prime factors of 105904?
2, 6619
List the prime factors of 70862.
2, 11, 3221
List the prime factors of 39511.
39511
What are the prime factors of 2217863?
2217863
List the prime factors of 582897.
3, 7, 41, 677
What are the prime factors of 1100265?
3, 5, 73351
List the prime factors of 5096911.
5096911
What are the prime factors of 191346?
2, 3, 31891
What are the prime factors of 1520695?
5, 11, 43, 643
What are the prime factors of 6696506?
2, 29, 263, 439
List the prime factors of 181417.
43, 4219
List the prime factors of 1538878.
2, 11, 6359
List the prime factors of 10115029.
331, 30559
List the prime factors of 2397172.
2, 229, 2617
What are the prime factors of 869497?
19, 45763
List the prime factors of 324466.
2, 53, 3061
What are the prime factors of 632400?
2, 3, 5, 17, 31
List the prime factors of 3151.
23, 137
List the prime factors of 1858547.
37, 50231
List the prime factors of 19561140.
2, 3, 5, 109, 997
List the prime factors of 5387550.
2, 3, 5, 7, 733
List the prime factors of 877146.
2, 3, 146191
What are the prime factors of 1874790?
2, 3, 5, 37, 563
List the prime factors of 5764780.
2, 5, 7, 41177
List the prime factors of 25010910.
2, 3, 5, 17, 5449
What are the prime factors of 117170?
2, 5, 11717
List the prime factors of 476551.
223, 2137
List the prime factors of 1643126.
2, 127, 6469
What are the prime factors of 978351?
3, 11, 23, 1289
What are the prime factors of 3988703?
3988703
List the prime factors of 12914498.
2, 6457249
List the prime factors of 341997.
3, 29, 3931
List the prime factors of 2803755.
3, 5, 186917
What are the prime factors of 1915407?
3, 13, 17, 107
What are the prime factors of 2171491?
7, 19, 29, 563
List the prime factors of 4356580.
2, 5, 217829
What are the prime factors of 3741234?
2, 3, 7, 281, 317
List the prime factors of 14038581.
3, 29, 161363
List the prime factors of 449025.
3, 5, 5987
List the prime factors of 282466.
2, 141233
List the prime factors of 3777400.
2, 5, 11, 17, 101
What are the prime factors of 1972193?
59, 33427
What are the prime factors of 3412265?
5, 43, 59, 269
List the prime factors of 429470.
2, 5, 67, 641
What are the prime factors of 745158?
2, 3, 124193
List the prime factors of 57151.
67, 853
What are the prime factors of 116822?
2, 58411
What are the prime factors of 1340230?
2, 5, 223, 601
List the prime factors of 101205.
3, 5, 13, 173
List the prime factors of 1199043.
3, 113, 131
What are the prime factors of 10096333?
13, 23, 33767
What are the prime factors of 2442564?
2, 3, 19, 3571
What are the prime factors of 1038840?
2, 3, 5, 11, 787
List the prime factors of 62458.
2, 11, 17, 167
List the prime factors of 4425574.
2, 29, 76303
List the prime factors of 4094465.
5, 41, 19973
List the prime factors of 179055.
3, 5, 23, 173
What are the prime factors of 7815575?
5, 312623
What are the prime factors of 255390?
2, 3, 5, 8513
List the prime factors of 1070107.
73, 107, 137
List the prime factors of 8142428.
2, 7, 41543
What are the prime factors of 17291459?
31, 557789
What are the prime factors of 363303?
3, 37, 1091
List the prime factors of 19238874.
2, 3, 367, 8737
What are the prime factors of 1929980?
2, 5, 13, 571
What are the prime factors of 4857365?
5, 971473
What are the prime factors of 521890?
2, 5, 52189
List the prime factors of 170971.
170971
What are the prime factors of 4222618?
2, 2111309
What are the prime factors of 3499588?
2, 23, 38039
What are the prime factors of 22430542?
2, 11215271
List the prime factors of 2253456.
2, 3, 15649
What are the prime factors of 227444?
2, 7, 8123
What are the prime factors of 6440823?
3, 149, 1601
What are the prime factors of 1772825?
5, 70913
List the prime factors of 1600232.
2, 200029
List the prime factors of 598721.
598721
What are the prime factors of 319860?
2, 3, 5, 1777
List the prime factors of 579928.
2, 71, 1021
List the prime factors of 1269834.
2, 3, 211639
What are the prime factors of 248127?
3, 11, 73, 103
List the prime factors of 8055655.
5, 1611131
What are the prime factors of 8675799?
3, 11, 19, 101, 137
List the prime factors of 9510160.
2, 5, 11, 101, 107
What are the prime factors of 29172002?
2, 14586001
What are the prime factors of 4461047?
4461047
What are the prime factors of 2451119?
11, 443, 503
What are the prime factors of 453665?
5, 41, 2213
What are the prime factors of 33274029?
3, 11091343
List the prime factors of 212333.
11, 97, 199
List the prime factors of 8124233.
13, 229, 2729
List the prime factors of 17892022.
2, 23, 31, 12547
List the prime factors of 10473328.
2, 743, 881
What are the prime factors of 7938317?
7938317
List the prime factors of 14322625.
5, 149, 769
List the prime factors of 6401297.
7, 73, 12527
What are the prime factors of 7622780?
2, 5, 11, 34649
List the prime factors of 8104592.
2, 506537
What are the prime factors of 1885536?
2, 3, 6547
What are the prime factors of 11409101?
11, 19, 79, 691
What are the prime factors of 510178?
2, 5